n - w + 80 = 0. Calculate the remainder when n is divided by 22.
17
Suppose 2*z - 54 = -4*l, 4*z = -l + 4*l + 141. Suppose -3*x = -5*f + 486, 6*f - 286 = 3*f - x. What is the remainder when f is divided by z?
30
Suppose 5*o = -4*a + 346 - 73, 2*o + 5*a = 116. Calculate the remainder when 211 is divided by o.
52
Let j(x) = 7*x**2 - 8*x + 6. Let c(p) = 284*p - 255. What is the remainder when j(5) is divided by c(1)?
25
Let f(d) = -82*d - 101. What is the remainder when f(-3) is divided by 17?
9
Let o = 12 - 9. Suppose 2*a = -2, 5*d - 70 = -o*a + 7. Calculate the remainder when d is divided by 9.
7
Suppose -2*x - 82 = -4*x. Suppose 15 = -3*r, 3*d - 2*r = -1 + x. What is the remainder when 68 is divided by d?
8
Suppose -10*a + 235 = -6*a - 3*k, -a + 56 = 2*k. What is the remainder when a is divided by 52?
6
Let g be (-2 + 1)*42/21. Let n = g + 26. Suppose y - n = -8. What is the remainder when 29 is divided by y?
13
Let n(j) = -j**3 - 10*j**2 - 11*j + 11. Let b be n(-10). Let p = -81 + b. What is the remainder when 158 is divided by p?
38
Let p(b) = -b**3 - 13*b**2 + 13*b - 5. Let s be 4/18 - (-50)/18. Suppose -96 = s*z - 7*z. Calculate the remainder when z is divided by p(-14).
6
Suppose 2*s = 6*s - 24. Suppose -70 = g - s*g. What is the remainder when 39 is divided by g?
11
Suppose 123*a = 121*a + 56. Calculate the remainder when 94 is divided by a.
10
Suppose 0 = -j - 5 - 42. Suppose -202 = -x + 3*x. Let a = j - x. Calculate the remainder when a is divided by 19.
16
Let d = -737 - -766. What is the remainder when 43 is divided by d?
14
Let u be 7*((-5 - -3) + 4). Suppose -82*q - u = -83*q. What is the remainder when 68 is divided by q?
12
Let z = 884 - 846. Calculate the remainder when 301 is divided by z.
35
Let a be (-51)/(-15) - (-4)/(-10). Suppose 0 = 2*i + 3*u - 16 - 82, u = -a*i + 147. Calculate the remainder when i is divided by 1000/60*(-3)/(-2).
24
Let m = -641 + 646. Calculate the remainder when 33 is divided by m.
3
What is the remainder when (156/(-14))/(60/(-280)) is divided by 18?
16
Let k = 99 + 53. Calculate the remainder when k is divided by 39.
35
Let a = 79 - 85. Let u(s) = -s**3 - 6*s**2 - s + 5. Calculate the remainder when 30 is divided by u(a).
8
Let t(n) = 3*n**2 + 7*n - 22. Calculate the remainder when t(6) is divided by 38.
14
Suppose 70*k - 94*k = -240. What is the remainder when 51 is divided by k?
1
Suppose 234 = 3*r - 168. What is the remainder when r is divided by -27*5/30*-9*(-6)/(-9)?
26
Let o(x) = -2*x**3 - 2*x**2 - 2*x + 2. Suppose 3*d + 7 = -y, -d = y + y + 4. Calculate the remainder when 55 is divided by o(d).
13
Suppose 0 = -3*y + 2*f + 151, -239 = -5*y - f - 2*f. Calculate the remainder when 141 is divided by y.
43
Let u(w) = 8*w**2 - 3 - w**2 - 5*w**2 + 3*w - w**3. Let y be u(2). Calculate the remainder when (-1)/(y/(-108)) - 2 is divided by 18.
16
Let b = 1445 + -1365. What is the remainder when 475 is divided by b?
75
Let p = -1 - -5. Let z = -10 + 26. Calculate the remainder when z/56 - 47/(-7) is divided by p.
3
Suppose 40*f - 382 = 338. Calculate the remainder when f is divided by 7.
4
Let w = 490 + -471. Calculate the remainder when 72 is divided by w.
15
Let v be 51 + -10*(-5)/10. Suppose -22*g + v = -18*g. Calculate the remainder when 31 is divided by g.
3
Let x(z) = -z**3 - 3*z**2 - 8*z - 17. Calculate the remainder when x(-5) is divided by 26.
21
Suppose -14*f + 1465 = -2133. What is the remainder when f is divided by 8?
1
Suppose 452 = w + 3*j, 4*w + 2244 = 9*w - j. Suppose -10 - 2 = -3*c. Suppose -w + 133 = -c*t. What is the remainder when t is divided by 16?
15
Let u(w) = -w**3 + 8*w**2 - 6*w + 3. Let g(c) = 2*c**2 + 12*c - 7. Let t be g(-7). Calculate the remainder when 28 is divided by u(t).
8
Let y(t) = t**2 - 10*t - 7. Suppose 14*j - 24 = 10*j. What is the remainder when j is divided by y(11)?
2
What is the remainder when 57 is divided by -3 + 3 + -3 - -32?
28
Let g(b) = 2*b - 3. Let q be g(6). Suppose 11 = m - q. Suppose 0*l + 71 = r + 2*l, -3*l = 9. Calculate the remainder when r is divided by m.
17
Let j = 18 - -3. Calculate the remainder when 39 + -1 + -1 - -2 is divided by j.
18
Suppose 41*q - 2018 = -173. What is the remainder when q is divided by (-1)/((-1)/4*1)?
1
Let o = 96 + -96. Suppose 4*s - 2*s - 96 = o. What is the remainder when 285 is divided by s?
45
Suppose -2295 = 5*u - 8515. What is the remainder when u is divided by 83?
82
Let b(p) = p**3 + p**2. Let j(y) = 4*y**3 + 14*y**2 + 5*y - 7. Let a(v) = -3*b(v) + j(v). Let g = -51 + 73. What is the remainder when a(-10) is divided by g?
21
Suppose -2*z = -5*l - 4 + 5, 4*z - 7 = l. Let c be (l*3)/(54/90). Suppose 4 = 2*p, -j = j + c*p - 64. What is the remainder when j is divided by 15?
12
Suppose -5*d + q = -130, -17 = -d - 0*d + 2*q. Let v be (4/(-10))/((-2)/420). Calculate the remainder when d is divided by 12/8*v/9.
13
Suppose -12 = -4*j + 4. Let v = 10 - j. Calculate the remainder when (-2)/(-3) - 64/(-3) is divided by v.
4
Let z = 119 - 96. Let j(c) = c**3 + 14*c**2 + 11*c - 26. Calculate the remainder when j(-12) is divided by z.
15
Let u(n) = -10*n - 60. Calculate the remainder when u(-26) is divided by 11.
2
Suppose -2*m + 0*m = -4*c + 18, -3*c + 41 = 4*m. Let p be (-1)/6 - (-666)/108. Calculate the remainder when c is divided by (21/2 - p)*(-4)/(-3).
1
Let m = 10 + -16. Suppose -5*y + 4*w + 68 = 0, 14 = -0*y + 2*y + 5*w. Calculate the remainder when 56 - m/(-2 - -5) is divided by y.
10
Let r(v) = 6*v - 17 + 0*v**2 - 7 - 4*v**2 + 5*v**2. Calculate the remainder when 61 is divided by r(-10).
13
Let n = -6 - -30. Suppose -3*s - 14 = 5*a - 38, 5*s = -3*a + n. What is the remainder when 29 is divided by ((-28)/(-20) - s)*-5?
5
Let s = -2779 - -2789. Suppose 2*b - 112 = -2*b. What is the remainder when b is divided by s?
8
Suppose 0*a + 57 = 3*a. Suppose 238*k = 212*k + 910. Calculate the remainder when k is divided by a.
16
Suppose -30*u - 4 = -26*u. Let m be (1 - -1)*(2 + -1). What is the remainder when u/m*-106 - -1 is divided by 19?
16
Suppose -459 = -z + 2*v - 3*v, 4*z = -v + 1824. Calculate the remainder when 41 is divided by z/(-26)*6/(-5).
20
What is the remainder when 46 is divided by 592/48 - 1/3?
10
Let o(h) = 45*h. Let d = -7320 - -7351. Calculate the remainder when o(2) is divided by d.
28
Suppose 0 = -21*p - 10*p + 372. Calculate the remainder when 658 is divided by p.
10
Let j = 2761 + -2749. Calculate the remainder when 165 is divided by j.
9
Suppose -15*x + 2900 = -5*x. What is the remainder when x is divided by 5?
0
Suppose -2*d - 3*q + 71 = 0, 30 + 92 = 4*d + 2*q. Calculate the remainder when 48 is divided by d.
20
Suppose 5*w = m - 8, -4*w + 8*w = m - 9. Calculate the remainder when m is divided by 18/4 + 3/(-6).
1
Suppose -32*t + 29*t + 3*x + 90 = 0, -4*x = 4*t - 152. What is the remainder when t is divided by 18?
16
Let n(s) = -8*s - 30. What is the remainder when 153 is divided by n(-7)?
23
Suppose 56 = i + 4*q, -3*q - 3 = -6. Calculate the remainder when i is divided by 6.
4
Let b = 31 - 124. Let g = 167 + b. Calculate the remainder when g is divided by 11.
8
Suppose 353 = 4*j - 263. Suppose -2*g + b + 242 = 219, 4*b = 2*g - 20. Calculate the remainder when j is divided by g.
10
Let y be -4 - (0 + -1 + -7). Suppose -8*q + 4*q - y*m + 60 = 0, 5*q + 3*m - 67 = 0. What is the remainder when q is divided by 8?
3
Suppose 56 = -2*n + 6*n. Let i(j) = 2*j + 2. Let r be i(5). Calculate the remainder when n is divided by (r/(-14))/((-24)/112).
2
Suppose 5*n = -3 + 28. Suppose -n*d + 92 = -188. Let p(i) = 14*i**2 + 1. Calculate the remainder when d is divided by p(-1).
11
Suppose 0*c = -5*c + 3*r + 106, -52 = -2*c - 2*r. Let g = c + -15. Suppose -3*z + 4*s = -4*z - g, 0 = -3*s - 15. Calculate the remainder when z is divided by 5.
2
Let r be (-3)/((-6)/28) + 0 + -2. Suppose 7*n + 20 = r*n. Calculate the remainder when 7 is divided by n.
3
Let u = 164 - 163. Let j = 6 + -4. What is the remainder when j is divided by u?
0
Suppose 7*y + 2*y - 198 = 0. What is the remainder when 283 is divided by y?
19
Suppose -c + 6*c + o - 35 = 0, 5*o - 25 = 0. Suppose 2*y + 18 + c = 0. What is the remainder when y/54 - 454/(-18) is divided by 14?
11
Suppose -7 = -p + 3*i + 13, -3*i - 53 = -4*p. Calculate the remainder when 